 -2*d - 0*y + m*y, 782 = 5*d + 4*y. Let n = 49 + -27. Calculate the highest common factor of n and d.
22
Let k(w) = 1 + 0 + 3*w**3 + 2*w**2 - 3*w**2 - 4*w**3. Let p be k(0). Calculate the highest common factor of p and 7.
1
Let m(n) be the third derivative of n**5/20 + n**4/4 + n**3/3 + 2*n**2. Let k be m(-4). Calculate the greatest common divisor of k and 26.
26
Suppose 5*u + 6 = 6*u. Calculate the highest common factor of 30 and u.
6
Let x(t) = t**2 + 6. Let g be x(-6). Calculate the highest common divisor of 6 and g.
6
Suppose -3*u - 2*t + 237 = 0, -3*u - 4*t + 0*t + 231 = 0. What is the greatest common factor of 9 and u?
9
Suppose -2*o + u = 2, -4*o - 5*u + 16 = -2*u. What is the highest common factor of 8 and o?
1
Suppose 5*i = i + 12. Let g = 3 - 1. Suppose -5*t = i*h - 87 + 14, 4*t - 54 = g*h. Calculate the highest common factor of 2 and t.
2
Let s be 9/(54/(-4))*-30. Calculate the highest common factor of s and 5.
5
Let a(x) = x + 1. Let v be a(2). Suppose -v*d + 129 = 4*n, -2*n - 3*d + 18 + 51 = 0. What is the greatest common factor of n and 3?
3
Let q(r) = -r**2 - 8*r - 8. Let c be q(-6). Suppose 0*t = -c*t. Suppose t = -u + 6*u - 20. What is the highest common factor of 28 and u?
4
Suppose 0 = -5*t + 4*k + 72, -5*t - 4*k + 69 + 19 = 0. Suppose n + n = t. Calculate the greatest common factor of n and 64.
8
Let f(u) = -23*u**3 - 2*u - 1. Let s be f(-1). Let d be 9 + 1 + 2 + -6. Calculate the greatest common factor of d and s.
6
Let r = 27 - 10. What is the highest common divisor of 17 and r?
17
Suppose 2*r - 134 = 370. What is the greatest common factor of 28 and r?
28
Suppose -3*z - 10 = -3*f + 11, -2*f + 5*z = -26. Suppose 0 = -t + f*t - 112. What is the highest common factor of t and 7?
7
Suppose 0 = 3*c + 3 - 0. Let p(x) = -48*x - 1. Let v be p(c). Let a = v + 34. What is the highest common divisor of a and 9?
9
Let q be -1*(-1)/((-1)/(-2)). Let m(p) = -p**q + 5 + 6*p + 5 + 3*p. Let r be m(8). Calculate the highest common divisor of r and 9.
9
Suppose 0 = -2*t + 2*w + w + 136, -4*w = 5*t - 294. Suppose 10 = 4*y - t. What is the highest common divisor of y and 144?
18
Let a(l) = -l**2 + 8 + 4*l**2 + 5*l - 14*l. Let t be a(6). What is the highest common factor of t and 31?
31
Let i be (-8)/((-1)/36*2). Let g = 54 + -36. Calculate the highest common factor of i and g.
18
Suppose -a = y + 2*a + 3, 2*y = 5*a + 38. Calculate the highest common factor of 9 and y.
9
Let d(r) = -3*r + 9. Let m be d(-9). What is the greatest common divisor of m and 4?
4
Suppose 5*o = 4*o + 8. What is the greatest common factor of o and 24?
8
Let j = -2 + 19. Let p(b) = b**2 + b + 5. Let d be p(6). Suppose -5*n + 123 = -d. Calculate the greatest common factor of n and j.
17
Let m = 2 + -4. Let i be 12*(m/6 - -2). Suppose 0 = -5*u + 4*t + 45, -8*u + 3*u = t - i. Calculate the highest common divisor of u and 55.
5
Suppose 3*h - 11 - 4 = 0. Let m be (h/(-5))/((-2)/4). Suppose 4*k - m*k - 100 = 0. Calculate the greatest common divisor of 25 and k.
25
Let u be -1 + 0 - 2 - -9. Suppose -u = p - 4*l, -l + 40 = 2*p + 4*l. Let z = -15 - -25. What is the highest common factor of p and z?
10
Let l be (2/(-4)*0)/2. Let y(u) = -5*u**2 - 4*u - u + 2*u - u**3 + l*u**3 + 5. Let c be y(-5). What is the highest common divisor of c and 5?
5
Let z = 9 + 2. Suppose z*t = 9*t + 22. Calculate the greatest common divisor of t and 11.
11
Let i = -91 - -161. Calculate the highest common divisor of 28 and i.
14
Let x be 4 + 0 - 1/(-1). Calculate the highest common divisor of x and 1.
1
Let x = 3 + 6. Suppose 5*u - x = 31. What is the greatest common divisor of 88 and u?
8
Suppose -3*k - 16 - 8 = -q, -2*q + 45 = -5*k. Calculate the greatest common factor of q and 135.
15
Let b(f) = -f - 9. Let z be b(-15). What is the highest common factor of z and 42?
6
Let a be 0 - (0/3 + 1). Let w be a/((-1)/3) - 1. Calculate the highest common divisor of 1 and w.
1
Let w be 214/9 - 4/(-18). Let v(k) = k**2 + 2*k + 1. Let a be v(-7). What is the highest common divisor of a and w?
12
Let m = 121 - 49. What is the greatest common divisor of 120 and m?
24
Suppose -a - 88 = -2*a. Let k(n) = n + 24. Let d be k(-16). What is the highest common divisor of a and d?
8
Let o = 9 - -10. Let k be (3 - 2)*2 - -2. Suppose -539 - 297 = -k*p. Calculate the greatest common divisor of p and o.
19
Suppose -6*t + 3*t + 198 = 0. Suppose -2*y - t = -8*y. Calculate the highest common factor of y and 11.
11
Let n = 179 + -144. Calculate the greatest common divisor of 105 and n.
35
Suppose -d - 25 = 4*d. Let x be (-37)/d + 4/(-10). Let b(h) = 2*h + 2. Let j be b(x). What is the highest common factor of j and 2?
2
Let b(o) = -o**3 - 19*o**2 - 18*o + 28. Let a be b(-18). Suppose 3*i - 1 - 11 = 0. What is the highest common factor of a and i?
4
Let k = -3 - 0. Let a be -4*k/(-6) - -200. Calculate the greatest common factor of 18 and a.
18
Suppose v - 34 - 6 = 0. What is the highest common factor of v and 10?
10
Let z = 6 + -2. Let w(n) = 68*n - 9. Let k be w(9). Suppose 5*a - k = i, 5*a - 16 - 597 = -z*i. What is the greatest common divisor of a and 11?
11
Suppose -5*r = -17 + 2. Suppose r*c = 22 + 38. Let f be 2/(-6)*-2*15. Calculate the greatest common factor of f and c.
10
Suppose 0 = 4*h, -58 = -3*b - 4*h + 5. Suppose 46 - 6 = 5*s. Let f be 1/(1 - 2) + s. Calculate the greatest common factor of f and b.
7
Let s = 2 + 0. Suppose -4*p + q + 40 = -s*q, -30 = -3*p - 5*q. Suppose -5*r + 147 = -153. Calculate the greatest common divisor of r and p.
10
Suppose 0*z - 430 = -4*i + 5*z, 0 = -2*i + 4*z + 212. Let b be (-8)/(-28) + i/7. Suppose -8 = -t + b. Calculate the greatest common factor of 12 and t.
12
Suppose a + 156 = 171. What is the greatest common factor of 10 and a?
5
Suppose z + 6 = 24. What is the greatest common divisor of z and 45?
9
Suppose 2*i + 3*u - 20 = 19, 5*i + 4*u - 108 = 0. Calculate the highest common factor of i and 8.
8
Let a be (-32)/(-6) + 4/(-12). What is the highest common factor of 10 and a?
5
Let j = 35 + -24. Calculate the highest common divisor of j and 33.
11
Let a(x) = x**2 + 27. Let u be a(0). Let t be (-2)/(-10) + (-944)/(-5). Calculate the greatest common factor of u and t.
27
Let i(r) = r**3 + 7*r**2 - 3*r - 5. Let f(k) = k**3 + k**2 - k - 1. Let p(v) = -2*f(v) + i(v). Let s be p(4). Calculate the greatest common factor of s and 9.
9
Let h be 10*((-8)/5)/(-2). Suppose -4*r + f = -f - h, -r + 3 = -f. Suppose 0*a - 10 = -3*w - 2*a, -2 = 2*a. What is the greatest common divisor of r and w?
1
Let v(g) = -2*g**3 - 6*g**2 - 7*g - 3. Let r be v(-3). What is the greatest common factor of 9 and r?
9
Suppose -k - 3*n + 23 = 0, -4 + 2 = k - 2*n. Calculate the greatest common divisor of k and 4.
4
Let p be 2/(-4) + (-11)/(-2). Suppose 0*r - p*r = -135. Let i be 15 + 1*(2 + 1). What is the greatest common factor of i and r?
9
Suppose -1 = -2*a + 3. Suppose -15 = 3*o, -68 = -a*y - o + 5*o. Suppose 55*x + 96 = 58*x - 3*l, x = 3*l + 24. What is the highest common factor of y and x?
12
Suppose 2*p = 4*p + 2*f, 10 = -2*f. Suppose 4*z - 3*s = 9*z - 30, p*s = 0. Calculate the highest common factor of z and 30.
6
Let y(h) = 2*h + 2. Let a be y(5). Suppose -5*w = -a - 8. What is the highest common factor of 1 and w?
1
Suppose 0 = 2*v + 60 + 6. Let r = -72 - v. Let q = -25 - r. What is the highest common factor of q and 21?
7
Suppose -5*g + 10*g - 10 = 0. Let c(t) = 4*t + 1. Let a(f) = -2*f. Let o(q) = -11*a(q) - 6*c(q). Let p be o(-6). What is the greatest common factor of p and g?
2
Let i = -36 - -22. Let f = 84 - i. Let g be (-70)/(-4)*8/10. Calculate the highest common factor of g and f.
14
Let z = -32 - -176. Let c be (-4)/(8/(-4)) + 14. What is the highest common factor of c and z?
16
Let h(s) = -s + 17. Let c be h(11). Let a be (-2 + 3)*c/1. Calculate the highest common divisor of a and 6.
6
Let x(q) = -q**3 - q**2 + q + 3. Suppose -5*b + 0 = 15. Let k be x(b). Calculate the highest common divisor of 18 and k.
18
Let f = 36 + -28. Let g be (-1)/(-4) - (-598)/f. Let x = 75 - 45. Calculate the highest common factor of x and g.
15
Suppose -2 = -5*o + 3. Calculate the greatest common factor of o and 9.
1
Let c = 44 + 6. Suppose -4*h + l + 65 = 4*l, l = -h + 15. Calculate the highest common factor of c and h